{"id":861,"date":"2024-03-16T12:04:39","date_gmt":"2024-03-16T11:04:39","guid":{"rendered":"http:\/\/10.254.10.23\/?page_id=861"},"modified":"2024-08-17T13:09:01","modified_gmt":"2024-08-17T11:09:01","slug":"kontakt","status":"publish","type":"page","link":"https:\/\/www.lwsonline.de\/?page_id=861","title":{"rendered":"Kontakt"},"content":{"rendered":"<p>[et_pb_section fb_built=&#8220;1&#8243; _builder_version=&#8220;4.24.2&#8243; _module_preset=&#8220;default&#8220; global_colors_info=&#8220;{}&#8220;][et_pb_row _builder_version=&#8220;4.24.2&#8243; _module_preset=&#8220;default&#8220; custom_margin=&#8220;50px||||false|false&#8220; global_colors_info=&#8220;{}&#8220;][et_pb_column type=&#8220;4_4&#8243; _builder_version=&#8220;4.24.2&#8243; _module_preset=&#8220;default&#8220; global_colors_info=&#8220;{}&#8220;][et_pb_text _builder_version=&#8220;4.24.2&#8243; _module_preset=&#8220;default&#8220; header_font=&#8220;|800||on|||||&#8220; header_text_color=&#8220;#305274&#8243; header_font_size=&#8220;50px&#8220; header_font_size_tablet=&#8220;50px&#8220; header_font_size_phone=&#8220;35px&#8220; header_font_size_last_edited=&#8220;on|phone&#8220; global_colors_info=&#8220;{}&#8220;]<\/p>\n<h1>Kontakt<\/h1>\n<p>[\/et_pb_text][et_pb_text _builder_version=&#8220;4.24.2&#8243; _module_preset=&#8220;default&#8220; global_colors_info=&#8220;{}&#8220;]<\/p>\n<p><span>Wir freuen uns, von Ihnen zu h\u00f6ren und stehen Ihnen gerne pers\u00f6nlich zur Verf\u00fcgung, um Ihre Fragen zu beantworten und Sie bestm\u00f6glich zu unterst\u00fctzen. Z\u00f6gern Sie nicht, uns zu kontaktieren \u2013 unser Team steht Ihnen mit Rat und Tat zur Seite. <\/span><\/p>\n<p>[\/et_pb_text][et_pb_text _builder_version=&#8220;4.24.2&#8243; _module_preset=&#8220;default&#8220; text_text_color=&#8220;#666666&#8243; custom_padding=&#8220;||0px|||&#8220; locked=&#8220;off&#8220; global_colors_info=&#8220;{}&#8220;]<\/p>\n<p><strong>Logistics Warehousing Systems GmbH<\/strong><br \/>Kabelkamp 20<br \/>30179 Hannover<br \/>Germany<\/p>\n<p>Telefon: <a href=\"tel:+4951164686900\">+49 511 646869-00<\/a><br \/>Fax: +49 511 646869-60<\/p>\n<p>Email: <a href=\"mailto:Info@www.lwsonline.de\">Info@www.lwsonline.de<\/a><span style=\"color: #305274;\"><\/span><\/p>\n<p>[\/et_pb_text][\/et_pb_column][\/et_pb_row][\/et_pb_section][et_pb_section fb_built=&#8220;1&#8243; custom_padding_last_edited=&#8220;on|phone&#8220; _builder_version=&#8220;4.24.2&#8243; _module_preset=&#8220;default&#8220; background_color=&#8220;rgba(48,82,116,0.71)&#8220; background_image=&#8220;http:\/\/www.lwsonline.de\/wp-content\/uploads\/2024\/03\/hintergrund-kontakt.jpg&#8220; background_blend=&#8220;multiply&#8220; custom_padding=&#8220;70px||70px||true|false&#8220; custom_padding_tablet=&#8220;70px||70px||true|false&#8220; custom_padding_phone=&#8220;25px||40px||false|false&#8220; background_last_edited=&#8220;on|tablet&#8220; background_position_tablet=&#8220;center_left&#8220; locked=&#8220;off&#8220; global_colors_info=&#8220;{}&#8220;][et_pb_row column_structure=&#8220;1_2,1_2&#8243; _builder_version=&#8220;4.24.2&#8243; _module_preset=&#8220;default&#8220; max_width=&#8220;80%&#8220; global_colors_info=&#8220;{}&#8220;][et_pb_column type=&#8220;1_2&#8243; _builder_version=&#8220;4.24.2&#8243; _module_preset=&#8220;default&#8220; global_colors_info=&#8220;{}&#8220;][\/et_pb_column][et_pb_column type=&#8220;1_2&#8243; _builder_version=&#8220;4.24.2&#8243; _module_preset=&#8220;default&#8220; background_color=&#8220;#305274&#8243; custom_padding=&#8220;30px|30px|30px|30px|true|true&#8220; global_colors_info=&#8220;{}&#8220;][et_pb_contact_form email=&#8220;info@www.lwsonline.de&#8220; title=&#8220;Ihre Anfrage&#8220; custom_message=&#8220;Name: %%Name%%||et_pb_line_break_holder||Absender:  <%%Email%%>||et_pb_line_break_holder||Unternehmen: %%Unternehmen%%||et_pb_line_break_holder||||et_pb_line_break_holder||%%Nachricht%%&#8220; _builder_version=&#8220;4.24.2&#8243; _module_preset=&#8220;default&#8220; _unique_id=&#8220;a341c582-8581-4e99-9a5e-6233c08487f8&#8243; form_field_background_color=&#8220;#32679B&#8220; form_field_text_color=&#8220;#FFFFFF&#8220; form_field_focus_background_color=&#8220;#32679B&#8220; form_field_focus_text_color=&#8220;#FFFFFF&#8220; title_level=&#8220;h3&#8243; title_font=&#8220;|800||on|||||&#8220; title_text_align=&#8220;center&#8220; title_text_color=&#8220;#FFFFFF&#8220; title_font_size=&#8220;35px&#8220; captcha_text_color=&#8220;#FFFFFF&#8220; captcha_font_size=&#8220;16px&#8220; form_field_font_size=&#8220;16px&#8220; custom_button=&#8220;on&#8220; button_text_size=&#8220;17px&#8220; button_text_color=&#8220;#FFFFFF&#8220; hover_enabled=&#8220;0&#8243; title_font_size_tablet=&#8220;35px&#8220; title_font_size_phone=&#8220;30px&#8220; title_font_size_last_edited=&#8220;on|phone&#8220; global_colors_info=&#8220;{}&#8220; sticky_enabled=&#8220;0&#8243;][et_pb_contact_field field_id=&#8220;Name&#8220; field_title=&#8220;Vollst\u00e4ndiger Name&#8220; fullwidth_field=&#8220;on&#8220; _builder_version=&#8220;4.24.2&#8243; form_field_background_color=&#8220;#32679B&#8220; form_field_text_color=&#8220;#FFFFFF&#8220; form_field_focus_background_color=&#8220;#305274&#8243; border_color_bottom=&#8220;#FFFFFF&#8220; global_colors_info=&#8220;{}&#8220; button_text_size__hover_enabled=&#8220;off&#8220; button_one_text_size__hover_enabled=&#8220;off&#8220; button_two_text_size__hover_enabled=&#8220;off&#8220; button_text_color__hover_enabled=&#8220;off&#8220; button_one_text_color__hover_enabled=&#8220;off&#8220; button_two_text_color__hover_enabled=&#8220;off&#8220; button_border_width__hover_enabled=&#8220;off&#8220; button_one_border_width__hover_enabled=&#8220;off&#8220; button_two_border_width__hover_enabled=&#8220;off&#8220; button_border_color__hover_enabled=&#8220;off&#8220; button_one_border_color__hover_enabled=&#8220;off&#8220; button_two_border_color__hover_enabled=&#8220;off&#8220; button_border_radius__hover_enabled=&#8220;off&#8220; button_one_border_radius__hover_enabled=&#8220;off&#8220; button_two_border_radius__hover_enabled=&#8220;off&#8220; button_letter_spacing__hover_enabled=&#8220;off&#8220; button_one_letter_spacing__hover_enabled=&#8220;off&#8220; button_two_letter_spacing__hover_enabled=&#8220;off&#8220; button_bg_color__hover_enabled=&#8220;off&#8220; button_one_bg_color__hover_enabled=&#8220;off&#8220; button_two_bg_color__hover_enabled=&#8220;off&#8220;][\/et_pb_contact_field][et_pb_contact_field field_id=&#8220;Email&#8220; field_title=&#8220;E-Mail-Adresse&#8220; field_type=&#8220;email&#8220; fullwidth_field=&#8220;on&#8220; _builder_version=&#8220;4.16&#8243; form_field_background_color=&#8220;#32679B&#8220; form_field_text_color=&#8220;#FFFFFF&#8220; form_field_focus_background_color=&#8220;#305274&#8243; border_color_bottom=&#8220;#FFFFFF&#8220; global_colors_info=&#8220;{}&#8220; button_text_size__hover_enabled=&#8220;off&#8220; button_one_text_size__hover_enabled=&#8220;off&#8220; button_two_text_size__hover_enabled=&#8220;off&#8220; button_text_color__hover_enabled=&#8220;off&#8220; button_one_text_color__hover_enabled=&#8220;off&#8220; button_two_text_color__hover_enabled=&#8220;off&#8220; button_border_width__hover_enabled=&#8220;off&#8220; button_one_border_width__hover_enabled=&#8220;off&#8220; button_two_border_width__hover_enabled=&#8220;off&#8220; button_border_color__hover_enabled=&#8220;off&#8220; button_one_border_color__hover_enabled=&#8220;off&#8220; button_two_border_color__hover_enabled=&#8220;off&#8220; button_border_radius__hover_enabled=&#8220;off&#8220; button_one_border_radius__hover_enabled=&#8220;off&#8220; button_two_border_radius__hover_enabled=&#8220;off&#8220; button_letter_spacing__hover_enabled=&#8220;off&#8220; button_one_letter_spacing__hover_enabled=&#8220;off&#8220; button_two_letter_spacing__hover_enabled=&#8220;off&#8220; button_bg_color__hover_enabled=&#8220;off&#8220; button_one_bg_color__hover_enabled=&#8220;off&#8220; button_two_bg_color__hover_enabled=&#8220;off&#8220;][\/et_pb_contact_field][et_pb_contact_field field_id=&#8220;Unternehmen&#8220; field_title=&#8220;Unternehmen&#8220; fullwidth_field=&#8220;on&#8220; _builder_version=&#8220;4.24.2&#8243; _module_preset=&#8220;default&#8220; form_field_background_color=&#8220;#32679B&#8220; form_field_text_color=&#8220;#FFFFFF&#8220; form_field_focus_background_color=&#8220;#305274&#8243; border_color_bottom=&#8220;#FFFFFF&#8220; global_colors_info=&#8220;{}&#8220;][\/et_pb_contact_field][et_pb_contact_field field_id=&#8220;Message&#8220; field_title=&#8220;Nachricht&#8220; field_type=&#8220;text&#8220; fullwidth_field=&#8220;on&#8220; _builder_version=&#8220;4.24.2&#8243; form_field_background_color=&#8220;#32679B&#8220; form_field_text_color=&#8220;#FFFFFF&#8220; form_field_focus_background_color=&#8220;#305274&#8243; border_color_bottom=&#8220;#FFFFFF&#8220; global_colors_info=&#8220;{}&#8220; button_text_size__hover_enabled=&#8220;off&#8220; button_one_text_size__hover_enabled=&#8220;off&#8220; button_two_text_size__hover_enabled=&#8220;off&#8220; button_text_color__hover_enabled=&#8220;off&#8220; button_one_text_color__hover_enabled=&#8220;off&#8220; button_two_text_color__hover_enabled=&#8220;off&#8220; button_border_width__hover_enabled=&#8220;off&#8220; button_one_border_width__hover_enabled=&#8220;off&#8220; button_two_border_width__hover_enabled=&#8220;off&#8220; button_border_color__hover_enabled=&#8220;off&#8220; button_one_border_color__hover_enabled=&#8220;off&#8220; button_two_border_color__hover_enabled=&#8220;off&#8220; button_border_radius__hover_enabled=&#8220;off&#8220; button_one_border_radius__hover_enabled=&#8220;off&#8220; button_two_border_radius__hover_enabled=&#8220;off&#8220; button_letter_spacing__hover_enabled=&#8220;off&#8220; button_one_letter_spacing__hover_enabled=&#8220;off&#8220; button_two_letter_spacing__hover_enabled=&#8220;off&#8220; button_bg_color__hover_enabled=&#8220;off&#8220; button_one_bg_color__hover_enabled=&#8220;off&#8220; button_two_bg_color__hover_enabled=&#8220;off&#8220;][\/et_pb_contact_field][et_pb_contact_field field_id=&#8220;Datenschutz&#8220; field_title=&#8220;Datenschutzhinweis&#8220; field_type=&#8220;checkbox&#8220; checkbox_options=&#8220;%91{%22value%22:%22Ja, ich habe die Hinweise zur Datenschutzerkl\u00e4rung zur Kenntnis genommen. Weitere Informationen: Zur %22,%22checked%22:0,%22dragID%22:-1,%22link_url%22:%22http:\/\/www.lwsonline.de\/?page_id=867%22,%22link_text%22:%22Datenschutzerkl\u00e4rung%22}%93&#8243; fullwidth_field=&#8220;on&#8220; _builder_version=&#8220;4.24.2&#8243; _module_preset=&#8220;default&#8220; form_field_text_color=&#8220;#FFFFFF&#8220; form_field_focus_text_color=&#8220;#FFFFFF&#8220; form_field_font=&#8220;||||||||&#8220; hover_enabled=&#8220;0&#8243; global_colors_info=&#8220;{}&#8220; form_field_background_color=&#8220;#32679B&#8220; sticky_enabled=&#8220;0&#8243;][\/et_pb_contact_field][\/et_pb_contact_form][\/et_pb_column][\/et_pb_row][\/et_pb_section]<\/p>\n","protected":false},"excerpt":{"rendered":"<p>KontaktWir freuen uns, von Ihnen zu h\u00f6ren und stehen Ihnen gerne pers\u00f6nlich zur Verf\u00fcgung, um Ihre Fragen zu beantworten und Sie bestm\u00f6glich zu unterst\u00fctzen. Z\u00f6gern Sie nicht, uns zu kontaktieren \u2013 unser Team steht Ihnen mit Rat und Tat zur Seite. Logistics Warehousing Systems GmbHKabelkamp 2030179 HannoverGermany Telefon: +49 511 646869-00Fax: +49 511 646869-60 Email: [&hellip;]<\/p>\n","protected":false},"author":1,"featured_media":673,"parent":0,"menu_order":0,"comment_status":"closed","ping_status":"closed","template":"","meta":{"_et_pb_use_builder":"on","_et_pb_old_content":"","_et_gb_content_width":"","footnotes":""},"class_list":["post-861","page","type-page","status-publish","has-post-thumbnail","hentry"],"yoast_head":"<!-- This site is optimized with the Yoast SEO plugin v27.0 - https:\/\/yoast.com\/product\/yoast-seo-wordpress\/ -->\n<title>Kontakt - Logistics Warehousing Systems GmbH<\/title>\n<meta name=\"description\" content=\"Wir stehen Ihnen gerne pers\u00f6nlich zur Verf\u00fcgung, um Ihre Fragen zu beantworten und Sie bestm\u00f6glich zu unterst\u00fctzen.\" \/>\n<meta name=\"robots\" content=\"index, follow, max-snippet:-1, max-image-preview:large, max-video-preview:-1\" \/>\n<link rel=\"canonical\" href=\"https:\/\/www.lwsonline.de\/?page_id=861\" \/>\n<meta property=\"og:locale\" content=\"de_DE\" \/>\n<meta property=\"og:type\" content=\"article\" \/>\n<meta property=\"og:title\" content=\"Kontakt - Logistics Warehousing Systems GmbH\" \/>\n<meta property=\"og:description\" content=\"Wir stehen Ihnen gerne pers\u00f6nlich zur Verf\u00fcgung, um Ihre Fragen zu beantworten und Sie bestm\u00f6glich zu unterst\u00fctzen.\" \/>\n<meta property=\"og:url\" content=\"https:\/\/www.lwsonline.de\/?page_id=861\" \/>\n<meta property=\"og:site_name\" content=\"Logistics Warehousing Systems GmbH\" \/>\n<meta property=\"article:modified_time\" content=\"2024-08-17T11:09:01+00:00\" \/>\n<meta property=\"og:image\" content=\"https:\/\/www.lwsonline.de\/wp-content\/uploads\/2024\/03\/lws-icon.png\" \/>\n\t<meta property=\"og:image:width\" content=\"512\" \/>\n\t<meta property=\"og:image:height\" content=\"512\" \/>\n\t<meta property=\"og:image:type\" content=\"image\/png\" \/>\n<meta name=\"twitter:card\" content=\"summary_large_image\" \/>\n<meta name=\"twitter:label1\" content=\"Gesch\u00e4tzte Lesezeit\" \/>\n\t<meta name=\"twitter:data1\" content=\"1\u00a0Minute\" \/>\n<script type=\"application\/ld+json\" class=\"yoast-schema-graph\">{\"@context\":\"https:\/\/schema.org\",\"@graph\":[{\"@type\":\"WebPage\",\"@id\":\"https:\/\/www.lwsonline.de\/?page_id=861\",\"url\":\"https:\/\/www.lwsonline.de\/?page_id=861\",\"name\":\"Kontakt - Logistics Warehousing Systems GmbH\",\"isPartOf\":{\"@id\":\"https:\/\/www.lwsonline.de\/#website\"},\"primaryImageOfPage\":{\"@id\":\"https:\/\/www.lwsonline.de\/?page_id=861#primaryimage\"},\"image\":{\"@id\":\"https:\/\/www.lwsonline.de\/?page_id=861#primaryimage\"},\"thumbnailUrl\":\"https:\/\/www.lwsonline.de\/wp-content\/uploads\/2024\/03\/lws-icon.png\",\"datePublished\":\"2024-03-16T11:04:39+00:00\",\"dateModified\":\"2024-08-17T11:09:01+00:00\",\"description\":\"Wir stehen Ihnen gerne pers\u00f6nlich zur Verf\u00fcgung, um Ihre Fragen zu beantworten und Sie bestm\u00f6glich zu unterst\u00fctzen.\",\"breadcrumb\":{\"@id\":\"https:\/\/www.lwsonline.de\/?page_id=861#breadcrumb\"},\"inLanguage\":\"de\",\"potentialAction\":[{\"@type\":\"ReadAction\",\"target\":[\"https:\/\/www.lwsonline.de\/?page_id=861\"]}]},{\"@type\":\"ImageObject\",\"inLanguage\":\"de\",\"@id\":\"https:\/\/www.lwsonline.de\/?page_id=861#primaryimage\",\"url\":\"https:\/\/www.lwsonline.de\/wp-content\/uploads\/2024\/03\/lws-icon.png\",\"contentUrl\":\"https:\/\/www.lwsonline.de\/wp-content\/uploads\/2024\/03\/lws-icon.png\",\"width\":512,\"height\":512},{\"@type\":\"BreadcrumbList\",\"@id\":\"https:\/\/www.lwsonline.de\/?page_id=861#breadcrumb\",\"itemListElement\":[{\"@type\":\"ListItem\",\"position\":1,\"name\":\"Startseite\",\"item\":\"https:\/\/www.lwsonline.de\/\"},{\"@type\":\"ListItem\",\"position\":2,\"name\":\"Kontakt\"}]},{\"@type\":\"WebSite\",\"@id\":\"https:\/\/www.lwsonline.de\/#website\",\"url\":\"https:\/\/www.lwsonline.de\/\",\"name\":\"Logistics Warehousing Systems GmbH\",\"description\":\"\",\"potentialAction\":[{\"@type\":\"SearchAction\",\"target\":{\"@type\":\"EntryPoint\",\"urlTemplate\":\"https:\/\/www.lwsonline.de\/?s={search_term_string}\"},\"query-input\":{\"@type\":\"PropertyValueSpecification\",\"valueRequired\":true,\"valueName\":\"search_term_string\"}}],\"inLanguage\":\"de\"}]}<\/script>\n<!-- \/ Yoast SEO plugin. -->","yoast_head_json":{"title":"Kontakt - Logistics Warehousing Systems GmbH","description":"Wir stehen Ihnen gerne pers\u00f6nlich zur Verf\u00fcgung, um Ihre Fragen zu beantworten und Sie bestm\u00f6glich zu unterst\u00fctzen.","robots":{"index":"index","follow":"follow","max-snippet":"max-snippet:-1","max-image-preview":"max-image-preview:large","max-video-preview":"max-video-preview:-1"},"canonical":"https:\/\/www.lwsonline.de\/?page_id=861","og_locale":"de_DE","og_type":"article","og_title":"Kontakt - Logistics Warehousing Systems GmbH","og_description":"Wir stehen Ihnen gerne pers\u00f6nlich zur Verf\u00fcgung, um Ihre Fragen zu beantworten und Sie bestm\u00f6glich zu unterst\u00fctzen.","og_url":"https:\/\/www.lwsonline.de\/?page_id=861","og_site_name":"Logistics Warehousing Systems GmbH","article_modified_time":"2024-08-17T11:09:01+00:00","og_image":[{"width":512,"height":512,"url":"https:\/\/www.lwsonline.de\/wp-content\/uploads\/2024\/03\/lws-icon.png","type":"image\/png"}],"twitter_card":"summary_large_image","twitter_misc":{"Gesch\u00e4tzte Lesezeit":"1\u00a0Minute"},"schema":{"@context":"https:\/\/schema.org","@graph":[{"@type":"WebPage","@id":"https:\/\/www.lwsonline.de\/?page_id=861","url":"https:\/\/www.lwsonline.de\/?page_id=861","name":"Kontakt - Logistics Warehousing Systems GmbH","isPartOf":{"@id":"https:\/\/www.lwsonline.de\/#website"},"primaryImageOfPage":{"@id":"https:\/\/www.lwsonline.de\/?page_id=861#primaryimage"},"image":{"@id":"https:\/\/www.lwsonline.de\/?page_id=861#primaryimage"},"thumbnailUrl":"https:\/\/www.lwsonline.de\/wp-content\/uploads\/2024\/03\/lws-icon.png","datePublished":"2024-03-16T11:04:39+00:00","dateModified":"2024-08-17T11:09:01+00:00","description":"Wir stehen Ihnen gerne pers\u00f6nlich zur Verf\u00fcgung, um Ihre Fragen zu beantworten und Sie bestm\u00f6glich zu unterst\u00fctzen.","breadcrumb":{"@id":"https:\/\/www.lwsonline.de\/?page_id=861#breadcrumb"},"inLanguage":"de","potentialAction":[{"@type":"ReadAction","target":["https:\/\/www.lwsonline.de\/?page_id=861"]}]},{"@type":"ImageObject","inLanguage":"de","@id":"https:\/\/www.lwsonline.de\/?page_id=861#primaryimage","url":"https:\/\/www.lwsonline.de\/wp-content\/uploads\/2024\/03\/lws-icon.png","contentUrl":"https:\/\/www.lwsonline.de\/wp-content\/uploads\/2024\/03\/lws-icon.png","width":512,"height":512},{"@type":"BreadcrumbList","@id":"https:\/\/www.lwsonline.de\/?page_id=861#breadcrumb","itemListElement":[{"@type":"ListItem","position":1,"name":"Startseite","item":"https:\/\/www.lwsonline.de\/"},{"@type":"ListItem","position":2,"name":"Kontakt"}]},{"@type":"WebSite","@id":"https:\/\/www.lwsonline.de\/#website","url":"https:\/\/www.lwsonline.de\/","name":"Logistics Warehousing Systems GmbH","description":"","potentialAction":[{"@type":"SearchAction","target":{"@type":"EntryPoint","urlTemplate":"https:\/\/www.lwsonline.de\/?s={search_term_string}"},"query-input":{"@type":"PropertyValueSpecification","valueRequired":true,"valueName":"search_term_string"}}],"inLanguage":"de"}]}},"_links":{"self":[{"href":"https:\/\/www.lwsonline.de\/index.php?rest_route=\/wp\/v2\/pages\/861","targetHints":{"allow":["GET"]}}],"collection":[{"href":"https:\/\/www.lwsonline.de\/index.php?rest_route=\/wp\/v2\/pages"}],"about":[{"href":"https:\/\/www.lwsonline.de\/index.php?rest_route=\/wp\/v2\/types\/page"}],"author":[{"embeddable":true,"href":"https:\/\/www.lwsonline.de\/index.php?rest_route=\/wp\/v2\/users\/1"}],"replies":[{"embeddable":true,"href":"https:\/\/www.lwsonline.de\/index.php?rest_route=%2Fwp%2Fv2%2Fcomments&post=861"}],"version-history":[{"count":8,"href":"https:\/\/www.lwsonline.de\/index.php?rest_route=\/wp\/v2\/pages\/861\/revisions"}],"predecessor-version":[{"id":1064,"href":"https:\/\/www.lwsonline.de\/index.php?rest_route=\/wp\/v2\/pages\/861\/revisions\/1064"}],"wp:featuredmedia":[{"embeddable":true,"href":"https:\/\/www.lwsonline.de\/index.php?rest_route=\/wp\/v2\/media\/673"}],"wp:attachment":[{"href":"https:\/\/www.lwsonline.de\/index.php?rest_route=%2Fwp%2Fv2%2Fmedia&parent=861"}],"curies":[{"name":"wp","href":"https:\/\/api.w.org\/{rel}","templated":true}]}}